ed by 10.
5
What is the remainder when 32432174 is divided by 417?
416
Calculate the remainder when 79696452 is divided by 965.
962
What is the remainder when 9444 is divided by 215?
199
Calculate the remainder when 320550 is divided by 293.
8
Calculate the remainder when 54899074 is divided by 5.
4
Calculate the remainder when 3813753 is divided by 32.
25
Calculate the remainder when 4488567 is divided by 1882.
1879
Calculate the remainder when 1160391 is divided by 1160301.
90
What is the remainder when 17991176 is divided by 554?
26
What is the remainder when 4880600 is divided by 33?
32
Calculate the remainder when 13639360 is divided by 4546449.
13
Calculate the remainder when 25488739 is divided by 25488730.
9
What is the remainder when 1012265 is divided by 26?
7
Calculate the remainder when 94397 is divided by 208.
173
What is the remainder when 7064240 is divided by 8?
0
Calculate the remainder when 43391149 is divided by 2.
1
Calculate the remainder when 33938449 is divided by 1885469.
7
What is the remainder when 4807764 is divided by 436?
428
Calculate the remainder when 62728 is divided by 3896.
392
Calculate the remainder when 12092680 is divided by 1398.
1378
What is the remainder when 6160873 is divided by 3665?
8
Calculate the remainder when 1060721 is divided by 119.
74
Calculate the remainder when 78954632 is divided by 119.
36
What is the remainder when 162021 is divided by 17993?
84
What is the remainder when 4659943 is divided by 1553087?
682
What is the remainder when 738905 is divided by 184491?
941
What is the remainder when 3782735 is divided by 62012?
3
Calculate the remainder when 7751338 is divided by 625.
88
Calculate the remainder when 132740309 is divided by 8702.
1
What is the remainder when 192979 is divided by 914?
125
Calculate the remainder when 16492469 is divided by 2748723.
131
What is the remainder when 15287 is divided by 3177?
2579
What is the remainder when 11722 is divided by 10150?
1572
What is the remainder when 1999752 is divided by 129?
123
What is the remainder when 14149689 is divided by 46?
43
What is the remainder when 372949 is divided by 11653?
53
Calculate the remainder when 26502 is divided by 12622.
1258
Calculate the remainder when 20277093 is divided by 28.
25
What is the remainder when 4104230 is divided by 2052110?
10
Calculate the remainder when 1852698 is divided by 2689.
2666
What is the remainder when 142302466 is divided by 186?
4
Calculate the remainder when 56886 is divided by 27501.
1884
What is the remainder when 186046 is divided by 8844?
322
What is the remainder when 2450230 is divided by 247?
237
Calculate the remainder when 19010916 is divided by 9505430.
56
Calculate the remainder when 4545318 is divided by 8843.
16
What is the remainder when 142943 is divided by 20191?
1606
What is the remainder when 1221200 is divided by 447?
443
Calculate the remainder when 57684 is divided by 1.
0
Calculate the remainder when 20202 is divided by 183.
72
Calculate the remainder when 105996 is divided by 52769.
458
Calculate the remainder when 867072 is divided by 5629.
206
Calculate the remainder when 3585486 is divided by 982.
204
What is the remainder when 190881 is divided by 428?
421
What is the remainder when 4969567 is divided by 354953?
225
Calculate the remainder when 1108710 is divided by 1779.
393
What is the remainder when 214982 is divided by 1882?
434
Calculate the remainder when 15495656 is divided by 182.
176
What is the remainder when 28355860 is divided by 86188?
8
Calculate the remainder when 48025495 is divided by 9058.
9037
What is the remainder when 6455872 is divided by 263?
11
What is the remainder when 2223699 is divided by 117?
114
Calculate the remainder when 1871371 is divided by 1375.
1371
Calculate the remainder when 1888 is divided by 361.
83
What is the remainder when 392767 is divided by 43637?
34
Calculate the remainder when 2347147 is divided by 25.
22
Calculate the remainder when 1510058 is divided by 754922.
214
What is the remainder when 160775 is divided by 155?
40
Calculate the remainder when 1364149 is divided by 682040.
69
What is the remainder when 23061068 is divided by 959?
954
Calculate the remainder when 28067058 is divided by 19.
11
Calculate the remainder when 42444732 is divided by 7527.
7506
Calculate the remainder when 2877386 is divided by 1320.
1106
What is the remainder when 2013162 is divided by 735?
732
Calculate the remainder when 18160 is divided by 17785.
375
What is the remainder when 582644 is divided by 193636?
1736
What is the remainder when 60639009 is divided by 12?
9
What is the remainder when 1435875 is divided by 75572?
7
Calculate the remainder when 1863713 is divided by 43.
7
What is the remainder when 7587165 is divided by 99?
3
Calculate the remainder when 51341 is divided by 4840.
2941
What is the remainder when 3743289 is divided by 14?
11
Calculate the remainder when 51016 is divided by 44456.
6560
What is the remainder when 1109690 is divided by 2206?
72
What is the remainder when 2086602 is divided by 179?
178
Calculate the remainder when 211230 is divided by 375.
105
What is the remainder when 16609345 is divided by 75?
70
What is the remainder when 6557439 is divided by 173?
47
Calculate the remainder when 3192703 is divided by 1601.
309
Calculate the remainder when 2253463 is divided by 1946.
1941
What is the remainder when 18196 is divided by 7360?
3476
What is the remainder when 9351799 is divided by 48962?
57
Calculate the remainder when 10923494 is divided by 831.
830
What is the remainder when 26750009 is divided by 4?
1
Calculate the remainder when 78039275 is divided by 644.
643
What is the remainder when 1933453 is divided by 89?
17
Calculate the remainder when 14387055 is divided by 17.
6
What is the remainder when 28656322 is divided by 14328150?
22
Calculate the remainder when 32474986 is divided by 86.
10
What is the remainder when 5036003 is divided by 1978?
15
What is the remainder when 2134713 is divided by 1067355?
3
What is the remainder when 1673020 is divided by 24245?
115
Calculate the remainder when 692791890 is divided by 517.
516
What is the remainder when 2442812 is divided by 34396?
696
What is the remainder when 230170 is divided by 4792?
154
Calculate the remainder when 233376 is divided by 25898.
294
What is the remainder when 75341076 is divided by 1127?
1126
Calculate the remainder when 1959134 is divided by 15799.
58
Calculate the remainder when 2103 is divided by 1424.
679
Calculate the remainder when 340810 is divided by 18.
16
What is the remainder when 5207175 is divided by 305?
215
What is the remainder when 174118 is divided by 2590?
588
Calculate the remainder when 689725 is divided by 688828.
897
What is the remainder when 467452 is divided by 7?
6
Calculate the remainder when 48509 is divided by 12107.
81
Calculate the remainder when 3922474 is divided by 219.
184
What is the remainder when 50015 is divided by 1473?
1406
Calculate the remainder when 3408687 is divided by 136347.
12
Calculate the remainder when 11288 is divided by 620.
128
Calculate the remainder when 43947 is divided by 1302.
981
What is the remainder when 501207 is divided by 3746?
2989
Calculate the remainder when 5289702 is divided by 5289176.
526
Calculate the remainder when 5183584 is divided by 11.
10
What is the remainder when 6282 is divided by 2986?
310
Calculate the remainder when 153063 is divided by 2183.
253
What is the remainder when 8560216 is divided by 52?
28
What is the remainder when 113051 is divided by 7039?
427
Calculate the remainder when 5078812 is divided by 235.
227
What is the remainder when 5557317 is divided by 718?
715
What is the remainder when 19427145 is divided by 2650?
2645
Calculate the remainder when 4330465 is divided by 2070.
25
What is the remainder when 10691968 is divided by 151?
111
What is the remainder when 898578 is divided by 2057?
1726
What is the remainder when 1013781 is divided by 1442?
55
Calculate the remainder when 306472 is divided by 5886.
400
Calculate the remainder when 596983 is divided by 4557.
16
What is the remainder when 1162845 is divided by 3996?
9
What is the remainder when 56484 is divided by 56441?
43
What is the remainder wh